32 and h.
16
Let u be (10/(-6))/((-125)/450). Calculate the greatest common factor of u and 14.
2
Let d be 86*3/6 - 1. Let q(w) = 36*w**2 + 87*w - 249. Let v be q(3). What is the highest common divisor of d and v?
42
Let z be 48/80 - 6362/(-5). Calculate the greatest common divisor of z and 19.
19
Let l(i) = -14*i**2 + 6*i + 17. Let x be l(-2). Let z = -25 - x. Calculate the greatest common divisor of z and 182.
26
Let t = -19 - -21. Suppose 0 = t*h - 2, -h + 6*h + 7 = 3*i. Calculate the highest common factor of i and 1.
1
Let z(g) = 5*g**2 - 12*g + 6. Let o(n) = 14*n**2 - 37*n + 17. Let x(w) = 4*o(w) - 11*z(w). Let u be x(16). What is the highest common divisor of u and 3?
1
Let r be 3 + -2 - (-29)/(87/954). Calculate the greatest common factor of 58 and r.
29
Suppose 0 = -17*a + 1102 + 1635. What is the greatest common factor of 368 and a?
23
Let w(o) = o**3 + 4*o**2 - 11*o - 18. Let m be w(-4). Calculate the highest common factor of 117 and m.
13
Let p(m) = m + 54. Let b be p(0). Let l = -28 + b. Let j = 595 + -309. Calculate the greatest common factor of l and j.
26
Let i(t) = 66*t + 236. Let f be i(-3). What is the greatest common divisor of 342 and f?
38
Let t = -2204 - -2215. Let w = -87 + 142. What is the greatest common divisor of t and w?
11
Let r be ((-6)/(-8)*-10)/(31/(-186)). What is the greatest common divisor of r and 585?
45
Let o be 3934/(-49) + (-4)/(-14). Let c = -73 - o. Calculate the highest common factor of 56 and c.
7
Let v(j) = -3 + 3*j + 5 + 1 + 3 + 42*j**2. Let y be v(-2). Calculate the highest common factor of 42 and y.
42
Suppose -9*m = -17*m + 16. Let a = 1 + -1. Suppose a = d, 4*j + m*d - 96 = -2*d. Calculate the greatest common divisor of 36 and j.
12
Suppose 13 = -38*c + 2597. What is the greatest common divisor of 918 and c?
34
Let m = 72 + -30. Suppose i + 3*g - 45 - m = 0, i - 4*g = 115. Let r be 2/10 - ((-264)/30 - 0). Calculate the greatest common factor of r and i.
9
Suppose -t - 5 = -15. Let v = 76 + -137. Let d = 86 + v. What is the highest common divisor of d and t?
5
Let t be (-5 + -11 - 0)*-8. Let o(y) = -4*y - 4. Let d(j) = -j**2 + 6*j - 5. Let c be d(6). Let x be o(c). What is the highest common divisor of t and x?
16
Suppose -344 - 195 = -7*d. What is the greatest common factor of 28 and d?
7
Let k be (-78 + 88)*145/2. Calculate the greatest common divisor of 50 and k.
25
Suppose 0 = -68*f + 8592 + 5076. Calculate the highest common factor of 3 and f.
3
Suppose 0 = 4*n - 9*f + 4*f - 68, f + 40 = 3*n. What is the greatest common factor of n and 246?
6
Let d(i) = -i**2 - 30*i - 40. Let b be d(-28). Let k be (32/4)/(1/5). Calculate the highest common factor of b and k.
8
Let b = 22 + -6. Suppose b + 54 = 2*d. Let t be (-6 - (-6 + -11 + 4))*1. Calculate the highest common divisor of d and t.
7
Suppose 3*r - 10*r = -616. Suppose -2*t + 33 = t. Calculate the greatest common divisor of t and r.
11
Let q = 173 - 255. Let w = q - -137. What is the greatest common divisor of w and 11?
11
Let u = -3 - -6. Let q(b) = 8*b - 79. Let c be q(12). Suppose -50 = -u*f - c. Calculate the greatest common factor of f and 22.
11
Suppose 3*h = 106 - 10. Let u be 17/51 - h/(-3). What is the greatest common factor of 22 and u?
11
Suppose 3*w + 2*w + 10 = 0. Let m be (-220)/w*(-4)/(-8). Let p be ((-12)/(-9))/(8/66). Calculate the highest common factor of m and p.
11
Let h(y) = y**3 - 5*y**2 - 2*y + 11. Suppose -35*i + 12 = -33*i. Let c be h(i). Calculate the greatest common divisor of c and 5.
5
Let l(g) = -g**3 + g**2 - g + 12. Let z be l(0). Let i(c) = -77*c - 200. Let m be i(-4). Calculate the greatest common factor of m and z.
12
Let f = -57 + 47. Let v be f/45 - 434/(-9). Let g(p) = -p**2 + 10*p - 8. Let q be g(6). What is the greatest common factor of v and q?
16
Suppose 3*f - 237 + 30 = 0. Let h = 21 + f. Calculate the greatest common divisor of h and 60.
30
Suppose 0 = 4*q + 2*y - 577 + 155, 0 = 5*q + 5*y - 515. Suppose 2*d - 4*d = -24. What is the highest common factor of q and d?
12
Let b be (-1*60/5)/(3/(-2)). Let s be (1/2 - -2)*b. Let u = -337 - -477. Calculate the highest common divisor of u and s.
20
Let k(f) = -10*f - 11. Let w be k(-2). Suppose 3*p - 4*j = 158, -5*p - w*j + 240 = -4*j. What is the highest common factor of 20 and p?
10
Let i = 2 + 3. Suppose -i*d + 4*s = -26, -14 = -d + 4*d + 5*s. Suppose -y + 3*y = d. What is the highest common divisor of y and 11?
1
Let f = -175 + 187. Calculate the highest common divisor of 60 and f.
12
Let p = -82 + 75. Suppose 2*c - c - a = 9, -5*c - 2*a + 17 = 0. Let q = c - p. Calculate the highest common factor of q and 3.
3
Let r(w) = 4*w**3 - 4*w**2 + 3*w - 4. Let c be r(2). Suppose c*b - 12*b = 300. What is the greatest common divisor of b and 10?
10
Suppose 2*v - 6*v + 56 = 0. Let q = -30 - -27. Let m be (q + -1)/(3/(-42)). What is the highest common factor of m and v?
14
Suppose 0*r + 5*r - 25 = 0. Suppose 3209*c = 3226*c - 255. Calculate the greatest common factor of r and c.
5
Suppose -185 = i - 0*i. Suppose -175 = w + 98. Let l = i - w. What is the highest common factor of 8 and l?
8
Let c be 5*-7*6/15. Let h be -1*c*9/6. Suppose -2*d + 7*d + 9 = v, 5*d = 4*v - h. What is the greatest common divisor of v and 2?
2
Let v be 2*(0 + -5 - -11). Suppose -13*q + 40 = -v*q. Calculate the highest common factor of 5 and q.
5
Let v(h) = 19*h**2 - 3 + 4 - 35*h + 34*h. Let q be v(1). What is the highest common factor of q and 133?
19
Suppose -4*g + 72 = 4*y, -y + 18 = 7*g - 2*g. Let z(c) = c**3 - 17*c**2 - 7*c + 591. Let l be z(15). What is the greatest common divisor of y and l?
18
Suppose -3*b - 1187 + 1253 = 0. What is the greatest common divisor of 308 and b?
22
Suppose -z - 3 - 7 = -k, 0 = 5*z + 4*k + 14. Let p(w) = -w**2 - 9*w - 6. Let c be p(z). Calculate the greatest common factor of c and 8.
4
Let h = 135 + -33. Calculate the highest common factor of h and 6.
6
Let n = -22 + 37. Suppose -n = -0*y - 5*y. Calculate the highest common factor of 12 and y.
3
Let c = -716 + 860. What is the highest common divisor of c and 1944?
72
Let u be (-1208)/(-72) - (-2)/9. Let r(f) = 29*f - 9. Let d be r(5). Calculate the greatest common factor of u and d.
17
Suppose 23 = 3*z + 5*g, 24 = 2*z + 5*g + 7. Calculate the greatest common factor of z and 162.
6
Suppose 0 = -5*f - 3 + 163. Suppose -7*a + 144 = 2*a. Calculate the greatest common divisor of a and f.
16
Let f = 12 + -7. Suppose 0 = f*y + 15, s - 25 = -3*y - 10. Let h = -3 + 6. What is the highest common divisor of h and s?
3
Suppose -j - 1760 = -5*i, -917 = -2*i + 3*j - 213. Calculate the greatest common divisor of i and 33.
11
Let x(j) = j**2 - j + 2. Let g be x(-2). What is the highest common factor of g and 2?
2
Let h = -26 - -37. Let i = -8 + h. Let v = 71 + -44. What is the highest common factor of i and v?
3
Suppose -3*z = -5*z + 32. Suppose -2*r + 2*a = -z, -a - 10 = -2*r - 2*a. What is the highest common divisor of 4 and r?
2
Let a be 4 - (8 - (4 - 3)). Let z(i) = -14*i - 6. Let x be z(a). Suppose 3*c - x = 66. What is the highest common divisor of 17 and c?
17
Let d(r) = r**2 + 2*r - 6. Suppose 16 = -q + 5*w, -1 = w - 5. Let i be d(q). What is the highest common divisor of i and 24?
6
Let n(d) = d - 3. Let r be n(7). Suppose -4*z + r*l + 97 + 159 = 0, -z + 2*l + 64 = 0. Calculate the highest common factor of 48 and z.
16
Suppose -185 = -18*m + 16*m + 5*f, 2*f + 6 = 0. What is the highest common factor of 340 and m?
85
Let b be -6*(66/(-8) - (-25)/20). Suppose 2*w + 9 - 37 = 0. Calculate the highest common factor of w and b.
14
Suppose d + 384 = r + 5*d, 2*r - 4*d - 732 = 0. Let h(p) = -p**2 - 13*p - 9. Let z be h(-8). What is the greatest common factor of z and r?
31
Suppose 2*n - 12 - 100 = 0. Calculate the greatest common divisor of 1288 and n.
56
Suppose 2*l - 4*l - 3*l = 0. Suppose -10*j + j + 495 = l. What is the greatest common divisor of j and 11?
11
Let t be (-3)/(-27) + (-8200)/(-72) + -3. What is the greatest common factor of t and 1184?
37
Let v(l) = l**2 - 3*l - 38. Let t be v(8). Calculate the highest common factor of t and 50.
2
Let m(a) = 2*a + 22. Let i be m(0). Let y = 22 - i. Suppose 2*k - 4*k + 42 = y. Calculate the greatest common divisor of k and 42.
21
Let c = 29 - 7. Calculate the greate